{"id":2602,"date":"2025-07-14T15:28:58","date_gmt":"2025-07-14T12:28:58","guid":{"rendered":"https:\/\/rkeeper.us\/?page_id=2602"},"modified":"2025-07-22T12:10:14","modified_gmt":"2025-07-22T09:10:14","slug":"pos-kasse","status":"publish","type":"page","link":"https:\/\/rkeeperpos.de\/?page_id=2602","title":{"rendered":"POS\/Kasse"},"content":{"rendered":"\t\t<div data-elementor-type=\"wp-page\" data-elementor-id=\"2602\" class=\"elementor elementor-2602 elementor-2181\" data-elementor-post-type=\"page\">\n\t\t\t\t<div class=\"elementor-element elementor-element-520b5700 e-flex e-con-boxed e-con e-parent\" data-id=\"520b5700\" data-element_type=\"container\" data-e-type=\"container\">\n\t\t\t\t\t<div class=\"e-con-inner\">\n\t\t\t\t<div class=\"elementor-element elementor-element-6e322089 elementor-widget elementor-widget-heading\" data-id=\"6e322089\" data-element_type=\"widget\" data-e-type=\"widget\" data-widget_type=\"heading.default\">\n\t\t\t\t<div class=\"elementor-widget-container\">\n\t\t\t\t\t<h3 class=\"elementor-heading-title elementor-size-default\">POS\/Kasse<\/h3>\t\t\t\t<\/div>\n\t\t\t\t<\/div>\n\t\t\t\t<div class=\"elementor-element elementor-element-120f9b88 elementor-widget elementor-widget-text-editor\" data-id=\"120f9b88\" data-element_type=\"widget\" data-e-type=\"widget\" data-widget_type=\"text-editor.default\">\n\t\t\t\t<div class=\"elementor-widget-container\">\n\t\t\t\t\t\t\t\t\t<h2 id=\"POS-and-Cashdesk:-Power-at-Your-Fingertips-1\"><strong>POS &amp; Kasse: Macht an Ihren Fingerspitzen<\/strong><\/h2><h3 id=\"Smart-Intuitive-and-Built-for-Busy-Service-2\">Intelligent, intuitiv und f\u00fcr den gesch\u00e4ftigen Service entwickelt<\/h3><p>Ganz gleich, ob Sie ein schnelles QSR, ein gem\u00fctliches Caf\u00e9 oder ein Restaurant mit mehreren Standorten betreiben, unsere <strong>POS- und Cashdesk-L\u00f6sung<\/strong> ist Ihre Kommandozentrale f\u00fcr alles. Beschleunigen Sie den Service, reduzieren Sie Fehler, verwalten Sie Personal und Inventar und begeistern Sie Ihre G\u00e4ste &#8211; alles \u00fcber eine schlanke Benutzeroberfl\u00e4che. <\/p><p>Entwickelt f\u00fcr Leistung. Gebaut f\u00fcr den Ma\u00dfstab. Von den Mitarbeitern geliebt.  <\/p><hr><h3 id=\"Why-Our-POS-System-2\"><strong>Warum unser POS-System?<\/strong><\/h3><p><img fetchpriority=\"high\" decoding=\"async\" class=\"alignright\" style=\"margin: 8px 8px 0px;\" src=\"https:\/\/img.perfectwiki.xyz\/insecure\/resize:fit:400\/aHR0cHM6Ly9zdG9yYWdlLmdvb2dsZWFwaXMuY29tL3BlcmZlY3Rfd2lraS9jMThmZTZmNy03MTRiLTQxMzItYmI1NC0zNTY0ODc3NWVkMGMvSmhLQW04VFpVUlJLSHhOZ0RUUmwvJUQwJUI4JUQwJUI3JUQwJUJFJUQwJUIxJUQxJTgwJUQwJUIwJUQwJUI2JUQwJUI1JUQwJUJEJUQwJUI4JUQwJUI1X2UzOWYyNWMyLWZmNDgtNGMyYy1iMjE3LTQ1Y2Q2ZTYyN2ExNS5wbmc.webp\" sizes=\"100vw\" srcset=\"https:\/\/img.perfectwiki.xyz\/insecure\/resize:fit:400\/aHR0cHM6Ly9zdG9yYWdlLmdvb2dsZWFwaXMuY29tL3BlcmZlY3Rfd2lraS9jMThmZTZmNy03MTRiLTQxMzItYmI1NC0zNTY0ODc3NWVkMGMvSmhLQW04VFpVUlJLSHhOZ0RUUmwvJUQwJUI4JUQwJUI3JUQwJUJFJUQwJUIxJUQxJTgwJUQwJUIwJUQwJUI2JUQwJUI1JUQwJUJEJUQwJUI4JUQwJUI1X2UzOWYyNWMyLWZmNDgtNGMyYy1iMjE3LTQ1Y2Q2ZTYyN2ExNS5wbmc.webp 400w, https:\/\/img.perfectwiki.xyz\/insecure\/resize:fit:800\/aHR0cHM6Ly9zdG9yYWdlLmdvb2dsZWFwaXMuY29tL3BlcmZlY3Rfd2lraS9jMThmZTZmNy03MTRiLTQxMzItYmI1NC0zNTY0ODc3NWVkMGMvSmhLQW04VFpVUlJLSHhOZ0RUUmwvJUQwJUI4JUQwJUI3JUQwJUJFJUQwJUIxJUQxJTgwJUQwJUIwJUQwJUI2JUQwJUI1JUQwJUJEJUQwJUI4JUQwJUI1X2UzOWYyNWMyLWZmNDgtNGMyYy1iMjE3LTQ1Y2Q2ZTYyN2ExNS5wbmc.webp 800w, https:\/\/img.perfectwiki.xyz\/insecure\/resize:fit:1200\/aHR0cHM6Ly9zdG9yYWdlLmdvb2dsZWFwaXMuY29tL3BlcmZlY3Rfd2lraS9jMThmZTZmNy03MTRiLTQxMzItYmI1NC0zNTY0ODc3NWVkMGMvSmhLQW04VFpVUlJLSHhOZ0RUUmwvJUQwJUI4JUQwJUI3JUQwJUJFJUQwJUIxJUQxJTgwJUQwJUIwJUQwJUI2JUQwJUI1JUQwJUJEJUQwJUI4JUQwJUI1X2UzOWYyNWMyLWZmNDgtNGMyYy1iMjE3LTQ1Y2Q2ZTYyN2ExNS5wbmc.webp 1200w, https:\/\/img.perfectwiki.xyz\/insecure\/aHR0cHM6Ly9zdG9yYWdlLmdvb2dsZWFwaXMuY29tL3BlcmZlY3Rfd2lraS9jMThmZTZmNy03MTRiLTQxMzItYmI1NC0zNTY0ODc3NWVkMGMvSmhLQW04VFpVUlJLSHhOZ0RUUmwvJUQwJUI4JUQwJUI3JUQwJUJFJUQwJUIxJUQxJTgwJUQwJUIwJUQwJUI2JUQwJUI1JUQwJUJEJUQwJUI4JUQwJUI1X2UzOWYyNWMyLWZmNDgtNGMyYy1iMjE3LTQ1Y2Q2ZTYyN2ExNS5wbmc.webp 1400w\" alt=\"Produkte \/ 3 POS\/Theke\" width=\"331\" height=\"220\"><\/p><p><strong>Blitzschnelle Transaktionen<\/strong><br>Keine Verz\u00f6gerung. Keine Wartezeiten. Nehmen Sie Bestellungen auf, teilen Sie Rechnungen auf und drucken Sie Quittungen in Sekundenschnelle &#8211; selbst zu Sto\u00dfzeiten.  <\/p><p><strong>Benutzerfreundliches Interface<\/strong><br>Keine steile Lernkurve. Ihre Mitarbeiter werden begeistert sein, wie einfach es zu bedienen ist &#8211; vom ersten Tag an. <\/p><p><strong>Echtzeit-Synchronisierung<\/strong><br>Bestellungen von Kiosken, Apps und dem Internet? Alle werden in Echtzeit mit Ihrem POS synchronisiert. Keine doppelte Bearbeitung, keine Fehler.  <\/p><p><strong>Sichere Zahlungen<\/strong><br>Akzeptieren Sie Karten, mobile Zahlungen, QR oder Bargeld &#8211; alle vollst\u00e4ndig integriert mit f\u00fchrenden Zahlungsanbietern.<\/p><p> <strong>Volle Kontrolle &amp; Analyse<\/strong><br>Verfolgen Sie Verk\u00e4ufe, Mitarbeiterleistung, Sto\u00dfzeiten, Bestseller &#8211; alles in Ihrem Dashboard.<\/p><hr><h3 id=\"Key-Features-2\"><strong>Wesentliche Merkmale<\/strong><\/h3><p><strong><img decoding=\"async\" class=\"alignleft\" style=\"font-weight: 400;\" src=\"https:\/\/img.perfectwiki.xyz\/insecure\/resize:fit:400\/aHR0cHM6Ly9zdG9yYWdlLmdvb2dsZWFwaXMuY29tL3BlcmZlY3Rfd2lraS9jMThmZTZmNy03MTRiLTQxMzItYmI1NC0zNTY0ODc3NWVkMGMvSmhLQW04VFpVUlJLSHhOZ0RUUmwvJUQwJUI4JUQwJUI3JUQwJUJFJUQwJUIxJUQxJTgwJUQwJUIwJUQwJUI2JUQwJUI1JUQwJUJEJUQwJUI4JUQwJUI1X2E2MDI4ZGFmLTkwY2MtNDZiOC1hNDkyLWYwMzA5YTcyNGJhZC5wbmc.webp\" sizes=\"100vw\" srcset=\"https:\/\/img.perfectwiki.xyz\/insecure\/resize:fit:400\/aHR0cHM6Ly9zdG9yYWdlLmdvb2dsZWFwaXMuY29tL3BlcmZlY3Rfd2lraS9jMThmZTZmNy03MTRiLTQxMzItYmI1NC0zNTY0ODc3NWVkMGMvSmhLQW04VFpVUlJLSHhOZ0RUUmwvJUQwJUI4JUQwJUI3JUQwJUJFJUQwJUIxJUQxJTgwJUQwJUIwJUQwJUI2JUQwJUI1JUQwJUJEJUQwJUI4JUQwJUI1X2E2MDI4ZGFmLTkwY2MtNDZiOC1hNDkyLWYwMzA5YTcyNGJhZC5wbmc.webp 400w, https:\/\/img.perfectwiki.xyz\/insecure\/resize:fit:800\/aHR0cHM6Ly9zdG9yYWdlLmdvb2dsZWFwaXMuY29tL3BlcmZlY3Rfd2lraS9jMThmZTZmNy03MTRiLTQxMzItYmI1NC0zNTY0ODc3NWVkMGMvSmhLQW04VFpVUlJLSHhOZ0RUUmwvJUQwJUI4JUQwJUI3JUQwJUJFJUQwJUIxJUQxJTgwJUQwJUIwJUQwJUI2JUQwJUI1JUQwJUJEJUQwJUI4JUQwJUI1X2E2MDI4ZGFmLTkwY2MtNDZiOC1hNDkyLWYwMzA5YTcyNGJhZC5wbmc.webp 800w, https:\/\/img.perfectwiki.xyz\/insecure\/resize:fit:1200\/aHR0cHM6Ly9zdG9yYWdlLmdvb2dsZWFwaXMuY29tL3BlcmZlY3Rfd2lraS9jMThmZTZmNy03MTRiLTQxMzItYmI1NC0zNTY0ODc3NWVkMGMvSmhLQW04VFpVUlJLSHhOZ0RUUmwvJUQwJUI4JUQwJUI3JUQwJUJFJUQwJUIxJUQxJTgwJUQwJUIwJUQwJUI2JUQwJUI1JUQwJUJEJUQwJUI4JUQwJUI1X2E2MDI4ZGFmLTkwY2MtNDZiOC1hNDkyLWYwMzA5YTcyNGJhZC5wbmc.webp 1200w, https:\/\/img.perfectwiki.xyz\/insecure\/aHR0cHM6Ly9zdG9yYWdlLmdvb2dsZWFwaXMuY29tL3BlcmZlY3Rfd2lraS9jMThmZTZmNy03MTRiLTQxMzItYmI1NC0zNTY0ODc3NWVkMGMvSmhLQW04VFpVUlJLSHhOZ0RUUmwvJUQwJUI4JUQwJUI3JUQwJUJFJUQwJUIxJUQxJTgwJUQwJUIwJUQwJUI2JUQwJUI1JUQwJUJEJUQwJUI4JUQwJUI1X2E2MDI4ZGFmLTkwY2MtNDZiOC1hNDkyLWYwMzA5YTcyNGJhZC5wbmc.webp 1400w\" alt=\"Produkte \/ 3 POS\/Theke\" width=\"359\" height=\"239\">Mehrere Ger\u00e4teoptionen<\/strong>: Verwendung als station\u00e4res Terminal oder als Handheld-Tablet &#8211; oder beides.<\/p><p><strong>Einfache Men\u00fcverwaltung<\/strong>: Bearbeiten Sie Artikel, Preise und Werbeaktionen w\u00e4hrend der Fahrt.<\/p><p><strong>Benutzerdefinierte Berechtigungen<\/strong>: Legen Sie Zugriffsebenen f\u00fcr Mitarbeiter fest. Sorgen Sie f\u00fcr einen sicheren Betrieb. <\/p><p><strong>Offline-Modus<\/strong>: Verkaufen Sie weiter, auch wenn das Internet nicht verf\u00fcgbar ist.<\/p><p><strong>Kundenbildschirme<\/strong>: Zeigen Sie den G\u00e4sten Bestelldetails und Upsell-Vorschl\u00e4ge in Echtzeit an.<\/p><p><strong>Sofortige Integration von Rabatten und Treueprogrammen<\/strong>: Wenden Sie Promo-Codes und Pr\u00e4mienprogramme direkt an.<\/p><hr><h3 id=\"For-Every-Venue-Every-Style-2\"><strong>F\u00fcr jeden Veranstaltungsort, jeden Stil<\/strong><\/h3><p><strong>Pizzerien &amp; Fast Food<\/strong>: Schnelligkeit und Pr\u00e4zision in der Hektik.<br><strong>Caf\u00e9s &amp; Kaffeebars<\/strong>: Schneller Zugriff, einfaches Upselling.<br><strong>Full-Service-Restaurants<\/strong>: Tischzuordnung, Trinkgelder, Handhabung mehrerer Benutzer.<\/p><hr><h3 id=\"What-You-Get-2\"><strong>Was Sie bekommen<\/strong><\/h3><p>\u2714\ufe0f Schnellere Kassenzeiten<br>\u2714\ufe0f Weniger Personalfehler<br>\u2714\ufe0f Bessere Berichterstattung<br>\u2714\ufe0f Zufriedenere Kunden<br>\u2714\ufe0f Zentralisierte Verwaltung f\u00fcr mehrere Standorte<\/p><p>Steigern Sie Ihren Umsatz. Vereinfachen Sie Ihren Arbeitsalltag. Wachsen Sie mit Zuversicht.  <\/p><hr><p><strong>Lassen Sie jeden Fingertipp z\u00e4hlen.<\/strong><br>Verbessern Sie Ihr Kassenerlebnis mit einem POS-System, das genauso hart arbeitet wie Sie selbst.<\/p>\t\t\t\t\t\t\t\t<\/div>\n\t\t\t\t<\/div>\n\t\t\t\t<div class=\"elementor-element elementor-element-59aa025f elementor-align-center elementor-mobile-align-center elementor-widget elementor-widget-button\" data-id=\"59aa025f\" data-element_type=\"widget\" data-e-type=\"widget\" data-widget_type=\"button.default\">\n\t\t\t\t<div class=\"elementor-widget-container\">\n\t\t\t\t\t\t\t\t\t<div class=\"elementor-button-wrapper\">\n\t\t\t\t\t<a class=\"elementor-button elementor-button-link elementor-size-sm\" href=\"https:\/\/rkeeper.us\/?page_id=256\">\n\t\t\t\t\t\t<span class=\"elementor-button-content-wrapper\">\n\t\t\t\t\t\t\t\t\t<span class=\"elementor-button-text\">Kontaktieren Sie uns<\/span>\n\t\t\t\t\t<\/span>\n\t\t\t\t\t<\/a>\n\t\t\t\t<\/div>\n\t\t\t\t\t\t\t\t<\/div>\n\t\t\t\t<\/div>\n\t\t\t\t\t<\/div>\n\t\t\t\t<\/div>\n\t\t\t\t<\/div>\n\t\t","protected":false},"excerpt":{"rendered":"<p>POS\/Kasse POS &amp; Kasse: Macht an Ihren Fingerspitzen Intelligent, intuitiv und f\u00fcr den gesch\u00e4ftigen Service entwickelt Ganz gleich, ob Sie ein schnelles QSR, ein gem\u00fctliches Caf\u00e9 oder ein Restaurant mit mehreren Standorten betreiben, unsere POS- und Cashdesk-L\u00f6sung ist Ihre Kommandozentrale f\u00fcr alles. Beschleunigen Sie den Service, reduzieren Sie Fehler, verwalten Sie Personal und Inventar und [&hellip;]<\/p>\n","protected":false},"author":1,"featured_media":0,"parent":0,"menu_order":0,"comment_status":"closed","ping_status":"closed","template":"","meta":{"footnotes":""},"class_list":["post-2602","page","type-page","status-publish","hentry"],"_links":{"self":[{"href":"https:\/\/rkeeperpos.de\/index.php?rest_route=\/wp\/v2\/pages\/2602","targetHints":{"allow":["GET"]}}],"collection":[{"href":"https:\/\/rkeeperpos.de\/index.php?rest_route=\/wp\/v2\/pages"}],"about":[{"href":"https:\/\/rkeeperpos.de\/index.php?rest_route=\/wp\/v2\/types\/page"}],"author":[{"embeddable":true,"href":"https:\/\/rkeeperpos.de\/index.php?rest_route=\/wp\/v2\/users\/1"}],"replies":[{"embeddable":true,"href":"https:\/\/rkeeperpos.de\/index.php?rest_route=%2Fwp%2Fv2%2Fcomments&post=2602"}],"version-history":[{"count":5,"href":"https:\/\/rkeeperpos.de\/index.php?rest_route=\/wp\/v2\/pages\/2602\/revisions"}],"predecessor-version":[{"id":3724,"href":"https:\/\/rkeeperpos.de\/index.php?rest_route=\/wp\/v2\/pages\/2602\/revisions\/3724"}],"wp:attachment":[{"href":"https:\/\/rkeeperpos.de\/index.php?rest_route=%2Fwp%2Fv2%2Fmedia&parent=2602"}],"curies":[{"name":"wp","href":"https:\/\/api.w.org\/{rel}","templated":true}]}}